{"id":135,"date":"2018-11-09T10:47:56","date_gmt":"2018-11-09T10:47:56","guid":{"rendered":"http:\/\/documentos.cm-manteigas.pt\/questionarios\/?page_id=135"},"modified":"2018-11-09T16:01:38","modified_gmt":"2018-11-09T16:01:38","slug":"inquerito-de-satisfacao-manteigas-trilhos-verdes","status":"publish","type":"page","link":"https:\/\/documentos.cm-manteigas.pt\/questionarios\/inquerito-de-satisfacao-manteigas-trilhos-verdes\/","title":{"rendered":"Inqu\u00e9rito de Satisfa\u00e7\u00e3o &#8211; Manteigas Trilhos Verdes"},"content":{"rendered":"<p style=\"text-align: justify;\">A rede de percursos Pedestres de Manteigas, no Cora\u00e7\u00e3o do Parque Natural da Serra da Estrela, foi projetada de forma a proporcionar um meio de descoberta das encantadoras paisagens desta serra, esperando oferecer prazer a quem as percorre. Com este inqu\u00e9rito pretendemos conhecer o grau de satisfa\u00e7\u00e3o de quem utiliza os percursos pedestres, de forma a podermos melhorar a rede de trilhos. O nosso obrigado pela sua participa\u00e7\u00e3o.<\/p>\n<h1>Inqu\u00e9rito \u00e0 satisfa\u00e7\u00e3o Manteigas Trilhos Verdes<\/h1>\n\n<form method=\"post\" action=\"\/questionarios\/wp-json\/wp\/v2\/pages\/135\">\n\n\t<input type=\"hidden\" name=\"step\" value=\"1\" \/>\n\t<input type=\"hidden\" name=\"wpsqt_nonce\" value=\"002aea17e7\" \/>\n\t<input type=\"hidden\" name=\"wpsqt_name\" value=\"Inqu\u00e9rito \u00e0 satisfa\u00e7\u00e3o Manteigas Trilhos Verdes\" \/>\n\t<table cellpadding=\"0\" cellspacing=\"0\" border=\"0\" width=\"100%\">\n\t\t<\/table>\n\t<p><input type='submit' value='Next &raquo;' class='button-secondary' \/><\/p>\n<\/form>\n\n\n","protected":false},"excerpt":{"rendered":"<p>A rede de percursos Pedestres de Manteigas, no Cora\u00e7\u00e3o do Parque Natural da Serra da Estrela, foi projetada de forma a proporcionar um meio de descoberta das encantadoras paisagens desta serra, esperando oferecer prazer a quem as percorre. Com este inqu\u00e9rito pretendemos conhecer o grau de satisfa\u00e7\u00e3o de quem utiliza os percursos pedestres, de forma &hellip; <a href=\"https:\/\/documentos.cm-manteigas.pt\/questionarios\/inquerito-de-satisfacao-manteigas-trilhos-verdes\/\" class=\"more-link\">Continuar a ler <span class=\"screen-reader-text\">Inqu\u00e9rito de Satisfa\u00e7\u00e3o &#8211; Manteigas Trilhos Verdes<\/span><\/a><\/p>\n","protected":false},"author":1,"featured_media":136,"parent":0,"menu_order":0,"comment_status":"closed","ping_status":"closed","template":"","meta":{"footnotes":""},"class_list":["post-135","page","type-page","status-publish","has-post-thumbnail","hentry"],"_links":{"self":[{"href":"https:\/\/documentos.cm-manteigas.pt\/questionarios\/wp-json\/wp\/v2\/pages\/135","targetHints":{"allow":["GET"]}}],"collection":[{"href":"https:\/\/documentos.cm-manteigas.pt\/questionarios\/wp-json\/wp\/v2\/pages"}],"about":[{"href":"https:\/\/documentos.cm-manteigas.pt\/questionarios\/wp-json\/wp\/v2\/types\/page"}],"author":[{"embeddable":true,"href":"https:\/\/documentos.cm-manteigas.pt\/questionarios\/wp-json\/wp\/v2\/users\/1"}],"replies":[{"embeddable":true,"href":"https:\/\/documentos.cm-manteigas.pt\/questionarios\/wp-json\/wp\/v2\/comments?post=135"}],"version-history":[{"count":9,"href":"https:\/\/documentos.cm-manteigas.pt\/questionarios\/wp-json\/wp\/v2\/pages\/135\/revisions"}],"predecessor-version":[{"id":171,"href":"https:\/\/documentos.cm-manteigas.pt\/questionarios\/wp-json\/wp\/v2\/pages\/135\/revisions\/171"}],"wp:featuredmedia":[{"embeddable":true,"href":"https:\/\/documentos.cm-manteigas.pt\/questionarios\/wp-json\/wp\/v2\/media\/136"}],"wp:attachment":[{"href":"https:\/\/documentos.cm-manteigas.pt\/questionarios\/wp-json\/wp\/v2\/media?parent=135"}],"curies":[{"name":"wp","href":"https:\/\/api.w.org\/{rel}","templated":true}]}}